819845?
1
What is the ten millions digit of 15220928?
1
What is the units digit of 15394361?
1
What is the thousands digit of 476017?
6
What is the units digit of 224366?
6
What is the ten thousands digit of 1119279?
1
What is the thousands digit of 253588?
3
What is the hundreds digit of 7386?
3
What is the tens digit of 26552230?
3
What is the hundreds digit of 16920?
9
What is the tens digit of 1665242?
4
What is the ten thousands digit of 2222248?
2
What is the hundreds digit of 310?
3
What is the hundred thousands digit of 1791517?
7
What is the units digit of 350238?
8
What is the hundreds digit of 529032?
0
What is the thousands digit of 1022635?
2
What is the hundreds digit of 9832201?
2
What is the thousands digit of 6707694?
7
What is the tens digit of 3495759?
5
What is the hundred thousands digit of 206131?
2
What is the units digit of 332289?
9
What is the ten millions digit of 16237374?
1
What is the tens digit of 140688?
8
What is the thousands digit of 1356356?
6
What is the hundreds digit of 207368?
3
What is the hundreds digit of 11070754?
7
What is the millions digit of 37169729?
7
What is the millions digit of 7294080?
7
What is the tens digit of 1750686?
8
What is the tens digit of 568317?
1
What is the ten thousands digit of 448144?
4
What is the tens digit of 99805?
0
What is the ten thousands digit of 30226?
3
What is the hundred thousands digit of 1296854?
2
What is the ten millions digit of 17199723?
1
What is the thousands digit of 2425552?
5
What is the hundreds digit of 180259?
2
What is the ten millions digit of 29118810?
2
What is the thousands digit of 4197912?
7
What is the tens digit of 285558?
5
What is the ten thousands digit of 145430?
4
What is the hundred thousands digit of 375491?
3
What is the thousands digit of 1140366?
0
What is the thousands digit of 1355069?
5
What is the hundreds digit of 3757535?
5
What is the hundred thousands digit of 775111?
7
What is the ten thousands digit of 10277860?
7
What is the hundred thousands digit of 4961144?
9
What is the tens digit of 2853388?
8
What is the hundred thousands digit of 1616894?
6
What is the hundred thousands digit of 715061?
7
What is the millions digit of 16592697?
6
What is the thousands digit of 7868592?
8
What is the units digit of 57993?
3
What is the thousands digit of 280225?
0
What is the thousands digit of 599565?
9
What is the tens digit of 686459?
5
What is the tens digit of 1346124?
2
What is the hundred thousands digit of 626552?
6
What is the thousands digit of 6215096?
5
What is the hundreds digit of 245666?
6
What is the thousands digit of 7781898?
1
What is the ten thousands digit of 1581230?
8
What is the millions digit of 1304375?
1
What is the hundreds digit of 4607546?
5
What is the tens digit of 291374?
7
What is the tens digit of 10881157?
5
What is the ten thousands digit of 2955336?
5
What is the tens digit of 439765?
6
What is the tens digit of 190209?
0
What is the ten thousands digit of 4011575?
1
What is the hundreds digit of 2725885?
8
What is the tens digit of 173817?
1
What is the ten thousands digit of 193930?
9
What is the hundreds digit of 22798550?
5
What is the hundreds digit of 420509?
5
What is the units digit of 127311?
1
What is the hundred thousands digit of 587828?
5
What is the hundred thousands digit of 6993968?
9
What is the tens digit of 894899?
9
What is the hundreds digit of 798489?
4
What is the tens digit of 56640?
4
What is the thousands digit of 3267722?
7
What is the thousands digit of 278020?
8
What is the hundreds digit of 303568?
5
What is the hundreds digit of 179936?
9
What is the units digit of 2258154?
4
What is the ten thousands digit of 1374076?
7
What is the units digit of 341878?
8
What is the ten thousands digit of 9354214?
5
What is the ten thousands digit of 24432?
2
What is the units digit of 1016319?
9
What is the ten thousands digit of 70897?
7
What is the hundred thousands digit of 497192?
4
What is the thousands digit of 607973?
7
What is the hundred thousands digit of 2926414?
9
What is the ten thousands digit of 7637503?
3
What is the ten thousands digit of 1408758?
0
What is the ten thousands digit of 2400889?
0
What is the hundreds digit of 238614?
6
What is the hundred thousands digit of 2023774?
0
What is the thousands digit of 1190602?
0
What is the hundreds digit of 157360?
3
What is the ten thousands digit of 4294303?
9
What is the thousands digit of 9371?
9
What is the hundred thousands digit of 181962?
1
What is the ten thousands digit of 1221194?
2
What is the tens digit of 676965?
6
What is the hundreds digit of 265915?
9
What is the hundreds digit of 936648?
6
What is the ten thousands digit of 292987?
9
What is the hundreds digit of 23823513?
5
What is the units digit of 26779258?
8
What is the thousands digit of 416877?
6
What is the ten thousands digit of 89758?
8
What is the units digit of 1415053?
3
What is the hundreds digit of 2096745?
7
What is the units digit of 1260701?
1
What is the tens digit of 801089?
8
What is the tens digit of 11627736?
3
What is the tens digit of 21029?
2
What is the ten thousands digit of 20954744?
5
What is the tens digit of 3873789?
8
What is the ten thousands digit of 85399?
8
What is the hundred thousands digit of 263491?
2
What is the units digit of 36815?
5
What is the thousands digit of 196549?
6
What is the tens digit of 352821?
2
What is the thousands digit of 1086595?
6
What is the hundred thousands digit of 8906978?
9
What is the thousands digit of 516025?
6
What is the thousands digit of 215654?
5
What is the units digit of 312039?
9
What is the tens digit of 13069977?
7
What is the tens digit of 241880?
8
What is the tens digit of 261379?
7
What is the tens digit of 1115047?
4
What is the tens digit of 682842?
4
What is the hundred thousands digit of 9610288?
6
What is the units digit of 2168147?
7
What is the ten thousands digit of 7887247?
8
What is the tens digit of 1207328?
2
What is the tens digit of 7408721?
2
What is the units digit of 77117?
7
What is the millions digit of 8575322?
8
What is the hundreds digit of 97541?
5
What is the thousands digit of 205832?
5
What is the units digit of 111491?
1
What is the hundred thousands digit of 4065179?
0
What is the hundred thousands digit of 120288?
1
What is the ten thousands digit of 11130?
1
What is the thousands digit of 12544961?
4
What is the hundred thousands digit of 9091192?
0
What is the tens digit of 39811?
1
What is the ten thousands digit of 2743532?
4
What is the units digit of 11404608?
8
What is the ten thousands digit of 180372?
8
What is the units digit of 163737?
7
What is the thousands digit of 96381?
6
What is the ten millions digit of 13991659?
1
What is the tens digit of 898399?
9
What is the hundred thousands digit of 5800291?
8
What is the ten thousands digit of 66113?
6
What is the ten thousands digit of 2338097?
3
What is the hundreds digit of 30858?
8
What is the hundreds digit of 1042947?
9
What is the tens digit of 13996300?
0
What is the thousands digit of 22074?
2
What is the ten thousands digit of 962066?
6
What is the hundreds digit of 2490180?
1
What is the tens digit of 1560536?
3
What is the millions digit of 2078594?
2
What is the thousands digit of 967725?
7
What is the ten thousands digit of 1586817?
8
What is the hundred thousands digit of 1759548?
7
What is the ten thousands digit of 11076840?
7
What is the millions digit of 8759364?
8
What is the tens digit of 8385608?
0
What is the units digit of 24756972?
2
What is the units digit of 1765272?
2
What is the thousands digit of 34150?
4
What is the ten thousands digit of 23985?
2
What is the hundred thousands digit of 141979?
1
What is the units digit of 146699?
9
What is the units digit of 647586?
6
What is the tens digit of 137458?
5
What is the tens digit of 8721?
2
What is the ten thousands digit of 326820?
2
What is the ten thousands digit of 50830?
5
What is the tens digit of 3522488?
8
What is the ten thousands digit of 96879?
9
What is the tens digit of 1313252?
5
What is the thousands digit of 358391?
8
What is the ten thousands digit of 14458314?
5
What is the units digit of 102633?
3
What is the tens digit of 29751?
5
What is the hundred thousands digit of 3